{"id":502,"date":"2021-06-02T18:06:13","date_gmt":"2021-06-02T18:06:13","guid":{"rendered":"https:\/\/centrostudidonati.org\/?page_id=502"},"modified":"2024-11-17T22:01:29","modified_gmt":"2024-11-17T22:01:29","slug":"home_base","status":"publish","type":"page","link":"https:\/\/centrostudidonati.org\/","title":{"rendered":"HOME_GRID"},"content":{"rendered":"      <div id=\"post-grid-lazy-184\" class=\"post-grid-lazy\"><img decoding=\"async\" alt=\"\" src=\"\" \/><\/div>\n    <script>\n      jQuery('#post-grid-lazy-184').ready(function($) {\n        $('#post-grid-lazy-184').fadeOut();\n        $('#post-grid-184   ').fadeIn();\n      })\n    <\/script>\n    <style type=\"text\/css\">\n      #post-grid-184 {\n        display: none;\n      }\n\n      .post-grid-lazy {\n        text-align: center;\n      }\n    <\/style>\n    <div data-options='{&quot;id&quot;:&quot;184&quot;,&quot;lazy_load&quot;:&quot;yes&quot;,&quot;masonry_enable&quot;:&quot;yes&quot;,&quot;view_type&quot;:&quot;grid&quot;}' id=\"post-grid-184\" class=\"post-grid grid\">\n    \n\n\n    <div class=\"grid-items\">\n      <div class=\"item item-973 skin flat even 0 \">\n        <div class=\"layer-wrapper layout-\">\n        <div class=\"layer-media\"><a href=\"https:\/\/centrostudidonati.org\/?p=973\"><img decoding=\"async\" src=\"https:\/\/centrostudidonati.org\/wp-content\/uploads\/2026\/03\/20260318-1-scaled.jpg\" \/><\/a><\/div>\n  <div class=\"layer-content\">\n        <div class=\"element element_0  title_link \">\r\n                    <a target=\"\"\r\n                href=\"https:\/\/centrostudidonati.org\/?p=973\">SALUTE MENTALE GIOVANI<\/a>\r\n            <\/div>\r\n    <div class=\"element element_1  excerpt \">\r\n        SALUTE MENTALE GIOVANI E COMUNITA' Questioni, possibilit\u00e0, percorsi Proiezione del docufilmINNER SCREEN e incontro con ALESSANDRO TOLOMELLI pedagogista, Dip. Scienze            <\/div>\r\n            <a class=\"element element_2  read_more \"\r\n            target=\"\"\r\n            href=\"https:\/\/centrostudidonati.org\/?p=973\"><\/a>\r\n      <\/div>\n    <\/div>\n  <\/div><div class=\"item item-966 skin flat odd 1 \">\n        <div class=\"layer-wrapper layout-\">\n        <div class=\"layer-media\"><a href=\"https:\/\/centrostudidonati.org\/?p=966\"><img decoding=\"async\" src=\"https:\/\/centrostudidonati.org\/wp-content\/uploads\/2026\/01\/20260204-scaled.jpg\" \/><\/a><\/div>\n  <div class=\"layer-content\">\n        <div class=\"element element_0  title_link \">\r\n                    <a target=\"\"\r\n                href=\"https:\/\/centrostudidonati.org\/?p=966\">RACCONTARE IL CONFLITTO<\/a>\r\n            <\/div>\r\n    <div class=\"element element_1  excerpt \">\r\n        RACCONTARE IL CONFLITTO Storie, corpi e volti delle vittime in Libia, Israele e Palestina BEATRICE ORLANDINI Edizioni Zikkaron MARTINA CASTALDINI            <\/div>\r\n            <a class=\"element element_2  read_more \"\r\n            target=\"\"\r\n            href=\"https:\/\/centrostudidonati.org\/?p=966\"><\/a>\r\n      <\/div>\n    <\/div>\n  <\/div><div class=\"item item-959 skin flat even 2 \">\n        <div class=\"layer-wrapper layout-\">\n        <div class=\"layer-media\"><a href=\"https:\/\/centrostudidonati.org\/?p=959\"><img decoding=\"async\" src=\"https:\/\/centrostudidonati.org\/wp-content\/uploads\/2025\/10\/20251030-01-724x1024.jpg\" \/><\/a><\/div>\n  <div class=\"layer-content\">\n        <div class=\"element element_0  title_link \">\r\n                    <a target=\"\"\r\n                href=\"https:\/\/centrostudidonati.org\/?p=959\">VIAGGIARE NELLE PERIFERIE (ed.2025)<\/a>\r\n            <\/div>\r\n    <div class=\"element element_1  excerpt \">\r\n        VIAGGIARE NELLE PERIFERIE un percorso di esplorazione in cui un gruppo di universitari visitano alcune realt\u00e0 della \u201cperiferia\u201d cittadina per            <\/div>\r\n            <a class=\"element element_2  read_more \"\r\n            target=\"\"\r\n            href=\"https:\/\/centrostudidonati.org\/?p=959\"><\/a>\r\n      <\/div>\n    <\/div>\n  <\/div><div class=\"item item-953 skin flat odd 3 \">\n        <div class=\"layer-wrapper layout-\">\n        <div class=\"layer-media\"><a href=\"https:\/\/centrostudidonati.org\/?p=953\"><img decoding=\"async\" src=\"https:\/\/centrostudidonati.org\/wp-content\/uploads\/2025\/10\/20251023-05-scaled.jpg\" \/><\/a><\/div>\n  <div class=\"layer-content\">\n        <div class=\"element element_0  title_link \">\r\n                    <a target=\"\"\r\n                href=\"https:\/\/centrostudidonati.org\/?p=953\">CARCERE<\/a>\r\n            <\/div>\r\n    <div class=\"element element_1  excerpt \">\r\n        CARCERE da luogo di sofferenza a occasione di apprendimento, riparazione e riscatto GHERARDO GAMBELLIArcivescovo di Firenze, gi\u00e0 cappellano del carcere            <\/div>\r\n            <a class=\"element element_2  read_more \"\r\n            target=\"\"\r\n            href=\"https:\/\/centrostudidonati.org\/?p=953\"><\/a>\r\n      <\/div>\n    <\/div>\n  <\/div><div class=\"item item-936 skin flat even 4 \">\n        <div class=\"layer-wrapper layout-\">\n        <div class=\"layer-media\"><a href=\"https:\/\/centrostudidonati.org\/?p=936\"><img decoding=\"async\" src=\"https:\/\/centrostudidonati.org\/wp-content\/uploads\/2025\/04\/20250514-720x1024.jpg\" \/><\/a><\/div>\n  <div class=\"layer-content\">\n        <div class=\"element element_0  title_link \">\r\n                    <a target=\"\"\r\n                href=\"https:\/\/centrostudidonati.org\/?p=936\">CIRCO PRECIPIZI<\/a>\r\n            <\/div>\r\n    <div class=\"element element_1  excerpt \">\r\n        Rubens Camillas presenta CIRCO PRECIPIZI i giochi e la paura Spettacolo musicale e letterario con le canzoni de I Camillas            <\/div>\r\n            <a class=\"element element_2  read_more \"\r\n            target=\"\"\r\n            href=\"https:\/\/centrostudidonati.org\/?p=936\"><\/a>\r\n      <\/div>\n    <\/div>\n  <\/div><div class=\"item item-829 skin flat odd 5 \">\n        <div class=\"layer-wrapper layout-\">\n        <div class=\"layer-media\"><a href=\"https:\/\/centrostudidonati.org\/?p=829\"><img decoding=\"async\" src=\"https:\/\/centrostudidonati.org\/wp-content\/uploads\/2025\/03\/20250318-717x1024.jpg\" \/><\/a><\/div>\n  <div class=\"layer-content\">\n        <div class=\"element element_0  title_link \">\r\n                    <a target=\"\"\r\n                href=\"https:\/\/centrostudidonati.org\/?p=829\">VOLTI E VOCI DA UNA PERIFERIA<\/a>\r\n            <\/div>\r\n    <div class=\"element element_1  excerpt \">\r\n        VOLTI E VOCI DA UNA PERIFERIA storie di vita, politica, povert\u00e0, diversit\u00e0, lotta e liberazione Quello delle Piagge \u00e8 un            <\/div>\r\n            <a class=\"element element_2  read_more \"\r\n            target=\"\"\r\n            href=\"https:\/\/centrostudidonati.org\/?p=829\"><\/a>\r\n      <\/div>\n    <\/div>\n  <\/div><div class=\"item item-814 skin flat even 6 \">\n        <div class=\"layer-wrapper layout-\">\n        <div class=\"layer-media\"><a href=\"https:\/\/centrostudidonati.org\/?p=814\"><img decoding=\"async\" src=\"https:\/\/centrostudidonati.org\/wp-content\/uploads\/2025\/02\/extravaganzaok-1-1024x535.jpg\" \/><\/a><\/div>\n  <div class=\"layer-content\">\n        <div class=\"element element_0  title_link \">\r\n                    <a target=\"\"\r\n                href=\"https:\/\/centrostudidonati.org\/?p=814\">Estravaganza<\/a>\r\n            <\/div>\r\n    <div class=\"element element_1  excerpt \">\r\n        ESTRAVAGANZA creare abiti e oggetti di scena Extravaganza \u00e8 un ciclo di incontri per imparare a realizzare costumi e oggetti            <\/div>\r\n            <a class=\"element element_2  read_more \"\r\n            target=\"\"\r\n            href=\"https:\/\/centrostudidonati.org\/?p=814\"><\/a>\r\n      <\/div>\n    <\/div>\n  <\/div><div class=\"item item-864 skin flat odd 7 \">\n        <div class=\"layer-wrapper layout-\">\n        <div class=\"layer-media\"><a href=\"https:\/\/centrostudidonati.org\/?p=864\"><img decoding=\"async\" src=\"https:\/\/centrostudidonati.org\/wp-content\/uploads\/2025\/03\/20250327-1-716x1024.jpeg\" \/><\/a><\/div>\n  <div class=\"layer-content\">\n        <div class=\"element element_0  title_link \">\r\n                    <a target=\"\"\r\n                href=\"https:\/\/centrostudidonati.org\/?p=864\">NON RUBATECI IL FUTURO<\/a>\r\n            <\/div>\r\n    <div class=\"element element_1  excerpt \">\r\n        Questa \u00e8 una rassegna di cinema d\u2019impegno civile con pellicole dolorose, necessarie, di denuncia, che volgono lo sguardo dove l\u2019attenzione            <\/div>\r\n            <a class=\"element element_2  read_more \"\r\n            target=\"\"\r\n            href=\"https:\/\/centrostudidonati.org\/?p=864\"><\/a>\r\n      <\/div>\n    <\/div>\n  <\/div><div class=\"item item-806 skin flat even 8 \">\n        <div class=\"layer-wrapper layout-\">\n        <div class=\"layer-media\"><a href=\"https:\/\/centrostudidonati.org\/?p=806\"><img decoding=\"async\" src=\"https:\/\/centrostudidonati.org\/wp-content\/uploads\/2025\/02\/20250219-02-717x1024.jpg\" \/><\/a><\/div>\n  <div class=\"layer-content\">\n        <div class=\"element element_0  title_link \">\r\n                    <a target=\"\"\r\n                href=\"https:\/\/centrostudidonati.org\/?p=806\">SUDAN &#8211; un conflitto dimenticato<\/a>\r\n            <\/div>\r\n    <div class=\"element element_1  excerpt \">\r\n        SUDAN un conflitto dimenticato con milioni di persone in fuga e da crimini di guerra e contro l'umanit\u00e0 Bruna Sironi            <\/div>\r\n            <a class=\"element element_2  read_more \"\r\n            target=\"\"\r\n            href=\"https:\/\/centrostudidonati.org\/?p=806\"><\/a>\r\n      <\/div>\n    <\/div>\n  <\/div><div class=\"item item-787 skin flat odd 9 \">\n        <div class=\"layer-wrapper layout-\">\n        <div class=\"layer-media\"><a href=\"https:\/\/centrostudidonati.org\/?p=787\"><img decoding=\"async\" src=\"https:\/\/centrostudidonati.org\/wp-content\/uploads\/2024\/11\/20241120-01-724x1024.jpg\" \/><\/a><\/div>\n  <div class=\"layer-content\">\n        <div class=\"element element_0  title_link \">\r\n                    <a target=\"\"\r\n                href=\"https:\/\/centrostudidonati.org\/?p=787\">VIAGGIARE NELLE PERIFERIE (ed.2024)<\/a>\r\n            <\/div>\r\n    <div class=\"element element_1  excerpt \">\r\n        VIAGGIARE NELLE PERIFERIE un percorso di esplorazione in cui un gruppo di universitari visitano alcune realt\u00e0 della \u201cperiferia\u201d cittadina per            <\/div>\r\n            <a class=\"element element_2  read_more \"\r\n            target=\"\"\r\n            href=\"https:\/\/centrostudidonati.org\/?p=787\"><\/a>\r\n      <\/div>\n    <\/div>\n  <\/div>    <\/div>\n    <div class=\"pagination\">\n      <div class=\"paginate\">\n    <span aria-current=\"page\" class=\"page-numbers current\">1<\/span>\n<a class=\"page-numbers\" href=\"https:\/\/centrostudidonati.org\/index.php?rest_route=%2Fwp%2Fv2%2Fpages%2F502&#038;paged=2\">2<\/a>\n<a class=\"next page-numbers\" href=\"https:\/\/centrostudidonati.org\/index.php?rest_route=%2Fwp%2Fv2%2Fpages%2F502&#038;paged=2\">Next \u00bb<\/a>  <\/div>\n  <style type=\"text\/css\">\n    #post-grid-184 .pagination .page-numbers {\n      font-size: 16px;\n      color: #fff;\n      background: #646464;\n    }\n\n    #post-grid-184 .pagination .page-numbers:hover,\n    #post-grid-184 .pagination .page-numbers.current {\n      background: #4b4b4b;\n    }\n  <\/style>\n  <\/div>\n      <script>\n          <\/script>\n    <style type=\"text\/css\">\n    #post-grid-184 .element_0 {\n      display: block;font-size: 21px;line-height: normal;padding: 5px 10px;text-align: left; text-decoration: none;    }\n\n    #post-grid-184 .element_1 {\n      display: block;font-size: 14px;padding: 5px 10px;text-align: left;    }\n\n    #post-grid-184 .element_2 {\n      display: block;font-size: 12px;font-weight: bold;padding: 0 10px;text-align: left;text-decoration: none;    }\n\n    #post-grid-184 .element_0:hover{}#post-grid-184 .element_1:hover{}#post-grid-184 .element_2:hover{}  <\/style>\n  <style type=\"text\/css\">\n    #post-grid-184 {\n      padding: 10px;\n          }\n\n    #post-grid-184 .item {\n      padding: 0px;\n      background: #fff;\n          }\n\n    #post-grid-184 .item .layer-media {\n      height:auto;    }\n\n    @media only screen and (min-width: 0px) and (max-width: 767px) {\n      #post-grid-184 .grid-items {\n        text-align: center;\n              }\n\n      #post-grid-184 .item {\n        width: 90%;\n        margin: 10px;\n        display: inline-block;\n        vertical-align: top;\n        height:auto;      }\n    }\n\n    @media only screen and (min-width: 768px) and (max-width: 1023px) {\n      #post-grid-184 .grid-items {\n        text-align: center;\n              }\n\n      #post-grid-184 .item {\n        width: 280px;\n        margin: 10px;\n        display: inline-block;\n        vertical-align: top;\n        max-height:auto;      }\n    }\n\n    @media only screen and (min-width: 1024px) {\n      #post-grid-184 .grid-items {\n        text-align: center;\n              }\n\n      #post-grid-184 .item {\n        width: 30%;\n        display: inline-block;\n        margin: 10px;\n        vertical-align: top;\n        height:auto;      }\n    }\n\n      <\/style>\n  <\/div>\n\n\n\n\n<p><\/p>\n","protected":false},"excerpt":{"rendered":"","protected":false},"author":1,"featured_media":0,"parent":0,"menu_order":-4,"comment_status":"closed","ping_status":"closed","template":"","meta":{"footnotes":""},"class_list":["post-502","page","type-page","status-publish","hentry"],"_links":{"self":[{"href":"https:\/\/centrostudidonati.org\/index.php?rest_route=\/wp\/v2\/pages\/502","targetHints":{"allow":["GET"]}}],"collection":[{"href":"https:\/\/centrostudidonati.org\/index.php?rest_route=\/wp\/v2\/pages"}],"about":[{"href":"https:\/\/centrostudidonati.org\/index.php?rest_route=\/wp\/v2\/types\/page"}],"author":[{"embeddable":true,"href":"https:\/\/centrostudidonati.org\/index.php?rest_route=\/wp\/v2\/users\/1"}],"replies":[{"embeddable":true,"href":"https:\/\/centrostudidonati.org\/index.php?rest_route=%2Fwp%2Fv2%2Fcomments&post=502"}],"version-history":[{"count":6,"href":"https:\/\/centrostudidonati.org\/index.php?rest_route=\/wp\/v2\/pages\/502\/revisions"}],"predecessor-version":[{"id":794,"href":"https:\/\/centrostudidonati.org\/index.php?rest_route=\/wp\/v2\/pages\/502\/revisions\/794"}],"wp:attachment":[{"href":"https:\/\/centrostudidonati.org\/index.php?rest_route=%2Fwp%2Fv2%2Fmedia&parent=502"}],"curies":[{"name":"wp","href":"https:\/\/api.w.org\/{rel}","templated":true}]}}